{"id":595,"date":"2025-12-26T18:40:25","date_gmt":"2025-12-26T18:40:25","guid":{"rendered":"http:\/\/www.rsateknoloji.com.tr\/?post_type=product&#038;p=595"},"modified":"2025-12-26T18:46:00","modified_gmt":"2025-12-26T18:46:00","slug":"gameforce-core-4x120mm-rgb-fan","status":"publish","type":"product","link":"http:\/\/www.rsateknoloji.com.tr\/?product=gameforce-core-4x120mm-rgb-fan","title":{"rendered":"Gameforce Core 4x120mm Rgb Fan"},"content":{"rendered":"<p class=\"product-description-content\">Geli\u015fmi\u015f Yeni Modern Fan Tasar\u0131m\u0131 GameForce RGB fan sisteminize en etkili so\u011futmay\u0131 sa\u011flamak i\u00e7in tasarland\u0131.<\/p>\n<p class=\"product-description-content\">Ultra sessiz ak\u0131ll\u0131 fan yap\u0131s\u0131 sisteminizi ihtiyac\u0131 oldu\u011fu kadar so\u011futur.<\/p>\n<p class=\"product-description-content\">\u00dcst\u00fcn so\u011futmas\u0131n\u0131n yan\u0131 s\u0131ra tasar\u0131m yap\u0131s\u0131n\u0131n i\u00e7 ve d\u0131\u015f tarafl\u0131 \u0131\u015f\u0131kland\u0131rma sistemi ile dizayn edilmesi, bekledi\u011finiz g\u00f6rsel ambiyans\u0131 ortam\u0131n\u0131za sunar.<\/p>\n<p class=\"product-description-content\">Sessiz ve Verimli Oyuncular taraf\u0131ndan en estetik trendler g\u00f6z \u00f6n\u00fcne al\u0131narak \u00fcretilen GameForce RGB Kumandal\u0131 4x12cm Kasa Fan (4\u2019l\u00fc Kit Halo Model) sisteminize \u00e7ok daha sessiz so\u011futma sa\u011flad\u0131\u011f\u0131 gibi sisteminizin en zorlu overclock i\u015flemlerinden tam performans sa\u011flayarak g\u00fcvenle \u00e7al\u0131\u015fmas\u0131na yard\u0131mc\u0131 olur.<\/p>\n<p class=\"product-description-content\">RGB efektinin ve g\u00fczel \u0131s\u0131 da\u011f\u0131l\u0131m\u0131 etkisinin tad\u0131n\u0131 \u00e7\u0131kar\u0131n, size harika bir oyun deneyimi ya\u015fatacak.<\/p>\n<p class=\"product-description-content\">G\u00fc\u00e7l\u00fc, Kompakt Kontrol RGB ayd\u0131nlatmas\u0131n\u0131 birlikte gelen kontrolc\u00fc ile kasa i\u00e7erisinde inan\u0131lmaz derecede kompakt kullan\u0131n.<\/p>\n<p class=\"product-description-content\">Uzaktan Kumanda ile ister fan h\u0131zlar\u0131n\u0131 ister ayd\u0131nlatmalar\u0131 s\u0131n\u0131rs\u0131zca de\u011fi\u015ftirin.<\/p>\n<p class=\"product-description-content\">RGB \u00dcr\u00fcn i\u00e7erisinde bulunan RGB kablosu ile anakart ba\u011flant\u0131s\u0131n\u0131 yap\u0131n ve bilgisayar\u0131n\u0131z ile senkron bir \u015fekilde \u00e7al\u0131\u015ft\u0131r\u0131n.<\/p>\n<p class=\"product-description-content\">RGB ba\u011flant\u0131s\u0131 yapt\u0131ktan sonra anakart yaz\u0131l\u0131m\u0131 \u00fczerinden kontrol sa\u011flayabilirsiniz.<\/p>\n","protected":false},"excerpt":{"rendered":"<p>Geli\u015fmi\u015f Yeni Modern Fan Tasar\u0131m\u0131 GameForce RGB fan sisteminize en etkili so\u011futmay\u0131 sa\u011flamak i\u00e7in tasarland\u0131. Ultra sessiz ak\u0131ll\u0131 fan yap\u0131s\u0131 sisteminizi ihtiyac\u0131 oldu\u011fu kadar so\u011futur. \u00dcst\u00fcn so\u011futmas\u0131n\u0131n yan\u0131 s\u0131ra tasar\u0131m yap\u0131s\u0131n\u0131n i\u00e7 ve d\u0131\u015f tarafl\u0131 \u0131\u015f\u0131kland\u0131rma sistemi ile dizayn edilmesi, bekledi\u011finiz g\u00f6rsel ambiyans\u0131 ortam\u0131n\u0131za sunar. Sessiz ve Verimli Oyuncular taraf\u0131ndan en estetik trendler g\u00f6z \u00f6n\u00fcne [&hellip;]<\/p>\n","protected":false},"featured_media":596,"comment_status":"open","ping_status":"closed","template":"","meta":[],"product_cat":[16,21],"product_tag":[],"class_list":{"0":"post-595","1":"product","2":"type-product","3":"status-publish","4":"has-post-thumbnail","6":"product_cat-bilgisayar-bilesenleri","7":"product_cat-kasa-fanlari","9":"first","10":"instock","11":"shipping-taxable","12":"product-type-simple"},"_links":{"self":[{"href":"http:\/\/www.rsateknoloji.com.tr\/index.php?rest_route=\/wp\/v2\/product\/595","targetHints":{"allow":["GET"]}}],"collection":[{"href":"http:\/\/www.rsateknoloji.com.tr\/index.php?rest_route=\/wp\/v2\/product"}],"about":[{"href":"http:\/\/www.rsateknoloji.com.tr\/index.php?rest_route=\/wp\/v2\/types\/product"}],"replies":[{"embeddable":true,"href":"http:\/\/www.rsateknoloji.com.tr\/index.php?rest_route=%2Fwp%2Fv2%2Fcomments&post=595"}],"wp:featuredmedia":[{"embeddable":true,"href":"http:\/\/www.rsateknoloji.com.tr\/index.php?rest_route=\/wp\/v2\/media\/596"}],"wp:attachment":[{"href":"http:\/\/www.rsateknoloji.com.tr\/index.php?rest_route=%2Fwp%2Fv2%2Fmedia&parent=595"}],"wp:term":[{"taxonomy":"product_cat","embeddable":true,"href":"http:\/\/www.rsateknoloji.com.tr\/index.php?rest_route=%2Fwp%2Fv2%2Fproduct_cat&post=595"},{"taxonomy":"product_tag","embeddable":true,"href":"http:\/\/www.rsateknoloji.com.tr\/index.php?rest_route=%2Fwp%2Fv2%2Fproduct_tag&post=595"}],"curies":[{"name":"wp","href":"https:\/\/api.w.org\/{rel}","templated":true}]}}