{"id":683,"date":"2026-04-30T15:04:52","date_gmt":"2026-04-30T15:04:52","guid":{"rendered":"http:\/\/www.rsateknoloji.com.tr\/?post_type=product&#038;p=683"},"modified":"2026-04-30T15:04:52","modified_gmt":"2026-04-30T15:04:52","slug":"rdata-rnc-55-siyah-14-cm-fanli-notebook-sogutucu","status":"publish","type":"product","link":"http:\/\/www.rsateknoloji.com.tr\/?product=rdata-rnc-55-siyah-14-cm-fanli-notebook-sogutucu","title":{"rendered":"RDATA RNC-55 Siyah 14 cm Fanl\u0131 Notebook So\u011futucu"},"content":{"rendered":"<p>RDATA RNC-55 Siyah 14 cm Fanl\u0131 Notebook So\u011futucu<\/p>\n<p>Diz\u00fcst\u00fc bilgisayarlar\u0131n uzun s\u00fcreli kullan\u0131m\u0131nda a\u015f\u0131r\u0131 \u0131s\u0131nma ger\u00e7ekle\u015fmekte ve bu \u0131s\u0131 art\u0131\u015f\u0131 CPU&#8217;nun da a\u015f\u0131r\u0131 \u0131s\u0131nmas\u0131na ve dolay\u0131s\u0131yla sistemin yava\u015flamas\u0131na sebep olabilmektedir. Notebook so\u011futucu, bu gibi sorunlarla kar\u015f\u0131la\u015fmaman\u0131z i\u00e7in \u00f6zel olarak tasarlanm\u0131\u015ft\u0131r. \u00dcr\u00fcn \u00fczerindeki fan i\u00e7in gerekli enerji bilgisayar\u0131n USB giri\u015finden sa\u011flan\u0131r.<\/p>\n<p>14 cm mavi LED\u2019li fan sayesinde d\u00fc\u015f\u00fck g\u00fcr\u00fclt\u00fc ve rahat hava ak\u0131\u015f\u0131 sa\u011flar<br \/>\nDiz\u00fcst\u00fc bilgisayar\u0131n\u0131z\u0131n \u0131s\u0131s\u0131n\u0131 hissedilir bir \u015fekilde d\u00fc\u015f\u00fcr\u00fcr<br \/>\n10&#8243; ~ 17&#8243; boyutunda notebooklar i\u00e7in uygundur<br \/>\nGeni\u015f ekran notebooklar\u0131 destekler<br \/>\nEkstra 1 Port USB Hub ile kullan\u0131c\u0131lara avantaj sa\u011flar<br \/>\nErgonomik \u015fekilde tasarlanm\u0131\u015ft\u0131r<br \/>\nA\u00e7ma kapama d\u00fc\u011fmesi vard\u0131r<br \/>\nUSB giri\u015flerinden g\u00fc\u00e7 al\u0131r<\/p>\n<table id=\"product-attribute-specs-table\" class=\"data table additional-attributes\">\n<caption class=\"table-caption\">Teknik \u00d6zellikler<\/caption>\n<tbody>\n<tr>\n<th class=\"col label\" scope=\"row\">Marka<\/th>\n<td class=\"col data\" data-th=\"Marka\">RDATA<\/td>\n<\/tr>\n<tr>\n<th class=\"col label\" scope=\"row\">\u00dcr\u00fcn Kodu<\/th>\n<td class=\"col data\" data-th=\"\u00dcr\u00fcn Kodu\">RNC-55<\/td>\n<\/tr>\n<tr>\n<th class=\"col label\" scope=\"row\">Renk<\/th>\n<td class=\"col data\" data-th=\"Renk\">Siyah<\/td>\n<\/tr>\n<tr>\n<th class=\"col label\" scope=\"row\">Materyal<\/th>\n<td class=\"col data\" data-th=\"Materyal\">ABS Pilastik + Metal Izgara<\/td>\n<\/tr>\n<tr>\n<th class=\"col label\" scope=\"row\">Ekran Boyut Aral\u0131\u011f\u0131<\/th>\n<td class=\"col data\" data-th=\"Ekran Boyut Aral\u0131\u011f\u0131\">16\u201d ~ 17\u201d<\/td>\n<\/tr>\n<tr>\n<th class=\"col label\" scope=\"row\">Fan Say\u0131s\u0131<\/th>\n<td class=\"col data\" data-th=\"Fan Say\u0131s\u0131\">1<\/td>\n<\/tr>\n<tr>\n<th class=\"col label\" scope=\"row\">Fan Boyutu<\/th>\n<td class=\"col data\" data-th=\"Fan Boyutu\">140 x 140 x 20 (mm)<\/td>\n<\/tr>\n<tr>\n<th class=\"col label\" scope=\"row\">Ortalama Fan H\u0131z\u0131<\/th>\n<td class=\"col data\" data-th=\"Ortalama Fan H\u0131z\u0131\">800 ~ 1500RPM<\/td>\n<\/tr>\n<tr>\n<th class=\"col label\" scope=\"row\">Fan Sesi<\/th>\n<td class=\"col data\" data-th=\"Fan Sesi\">10 dBA<\/td>\n<\/tr>\n<tr>\n<th class=\"col label\" scope=\"row\">Ba\u011flant\u0131 Arabirimi<\/th>\n<td class=\"col data\" data-th=\"Ba\u011flant\u0131  Arabirimi\">USB DC 5V<\/td>\n<\/tr>\n<tr>\n<th class=\"col label\" scope=\"row\">USB Port Say\u0131s\u0131<\/th>\n<td class=\"col data\" data-th=\"USB Port Say\u0131s\u0131\">2<\/td>\n<\/tr>\n<tr>\n<th class=\"col label\" scope=\"row\">Y\u00fckseklik Ayar\u0131<\/th>\n<td class=\"col data\" data-th=\"Y\u00fckseklik Ayar\u0131\">5 kademe y\u00fckseklik ayar\u0131<\/td>\n<\/tr>\n<tr>\n<th class=\"col label\" scope=\"row\">Boyutlar<\/th>\n<td class=\"col data\" data-th=\"Boyutlar\">370 x 265 x 33 (mm)<\/td>\n<\/tr>\n<tr>\n<th class=\"col label\" scope=\"row\">Garanti S\u00fcresi<\/th>\n<td class=\"col data\" data-th=\"Garanti S\u00fcresi\">24 Ay<\/td>\n<\/tr>\n<\/tbody>\n<\/table>\n","protected":false},"excerpt":{"rendered":"<p>RDATA RNC-55 Siyah 14 cm Fanl\u0131 Notebook So\u011futucu Diz\u00fcst\u00fc bilgisayarlar\u0131n uzun s\u00fcreli kullan\u0131m\u0131nda a\u015f\u0131r\u0131 \u0131s\u0131nma ger\u00e7ekle\u015fmekte ve bu \u0131s\u0131 art\u0131\u015f\u0131 CPU&#8217;nun da a\u015f\u0131r\u0131 \u0131s\u0131nmas\u0131na ve dolay\u0131s\u0131yla sistemin yava\u015flamas\u0131na sebep olabilmektedir. Notebook so\u011futucu, bu gibi sorunlarla kar\u015f\u0131la\u015fmaman\u0131z i\u00e7in \u00f6zel olarak tasarlanm\u0131\u015ft\u0131r. \u00dcr\u00fcn \u00fczerindeki fan i\u00e7in gerekli enerji bilgisayar\u0131n USB giri\u015finden sa\u011flan\u0131r. 14 cm mavi LED\u2019li fan [&hellip;]<\/p>\n","protected":false},"featured_media":684,"comment_status":"open","ping_status":"closed","template":"","meta":[],"product_cat":[50],"product_tag":[],"class_list":{"0":"post-683","1":"product","2":"type-product","3":"status-publish","4":"has-post-thumbnail","6":"product_cat-notebook-sogutucu","8":"first","9":"instock","10":"shipping-taxable","11":"purchasable","12":"product-type-simple"},"_links":{"self":[{"href":"http:\/\/www.rsateknoloji.com.tr\/index.php?rest_route=\/wp\/v2\/product\/683","targetHints":{"allow":["GET"]}}],"collection":[{"href":"http:\/\/www.rsateknoloji.com.tr\/index.php?rest_route=\/wp\/v2\/product"}],"about":[{"href":"http:\/\/www.rsateknoloji.com.tr\/index.php?rest_route=\/wp\/v2\/types\/product"}],"replies":[{"embeddable":true,"href":"http:\/\/www.rsateknoloji.com.tr\/index.php?rest_route=%2Fwp%2Fv2%2Fcomments&post=683"}],"wp:featuredmedia":[{"embeddable":true,"href":"http:\/\/www.rsateknoloji.com.tr\/index.php?rest_route=\/wp\/v2\/media\/684"}],"wp:attachment":[{"href":"http:\/\/www.rsateknoloji.com.tr\/index.php?rest_route=%2Fwp%2Fv2%2Fmedia&parent=683"}],"wp:term":[{"taxonomy":"product_cat","embeddable":true,"href":"http:\/\/www.rsateknoloji.com.tr\/index.php?rest_route=%2Fwp%2Fv2%2Fproduct_cat&post=683"},{"taxonomy":"product_tag","embeddable":true,"href":"http:\/\/www.rsateknoloji.com.tr\/index.php?rest_route=%2Fwp%2Fv2%2Fproduct_tag&post=683"}],"curies":[{"name":"wp","href":"https:\/\/api.w.org\/{rel}","templated":true}]}}